oes 10 divide 1519?
False
Does 6 divide 2824?
False
Does 38 divide 264?
False
Does 16 divide 2552?
False
Is 21 a factor of 399?
True
Is 9 a multiple of 4?
False
Is 3260 a multiple of 66?
False
Does 69 divide 34845?
True
Is 66 a factor of 4325?
False
Is 10152 a multiple of 108?
True
Is 15 a factor of 329?
False
Is 4 a factor of 949?
False
Does 87 divide 870?
True
Is 257 a multiple of 13?
False
Is 26775 a multiple of 30?
False
Is 2920 a multiple of 20?
True
Does 7 divide 1092?
True
Is 8242 a multiple of 24?
False
Is 34 a factor of 305?
False
Does 112 divide 12159?
False
Does 3 divide 2722?
False
Is 39095 a multiple of 61?
False
Does 12 divide 791?
False
Is 70 a factor of 43260?
True
Is 29 a factor of 3427?
False
Is 6 a factor of 1212?
True
Is 180 a multiple of 10?
True
Is 1425 a multiple of 95?
True
Is 803 a multiple of 9?
False
Is 5 a factor of 1063?
False
Is 150 a factor of 4694?
False
Is 2243 a multiple of 79?
False
Does 15 divide 105?
True
Is 30142 a multiple of 14?
True
Is 12 a factor of 243?
False
Does 2 divide 3?
False
Is 37722 a multiple of 224?
False
Is 6267 a multiple of 134?
False
Is 105 a factor of 21945?
True
Does 4 divide 14477?
False
Does 29 divide 409?
False
Is 463 a multiple of 2?
False
Is 1240 a multiple of 10?
True
Is 5 a factor of 12286?
False
Is 14992 a multiple of 16?
True
Is 35 a factor of 4235?
True
Is 30 a factor of 4358?
False
Is 142 a factor of 7100?
True
Is 35471 a multiple of 7?
False
Does 37 divide 1369?
True
Is 72 a multiple of 18?
True
Is 842 a multiple of 13?
False
Is 18364 a multiple of 67?
False
Is 14 a factor of 64152?
False
Does 8 divide 773?
False
Is 31 a factor of 1178?
True
Does 216 divide 46872?
True
Does 57 divide 793?
False
Is 41 a factor of 249?
False
Is 7790 a multiple of 95?
True
Is 21 a factor of 4536?
True
Does 25 divide 107200?
True
Is 8 a factor of 1304?
True
Is 384 a multiple of 64?
True
Is 33 a factor of 7310?
False
Is 879 a multiple of 72?
False
Is 38 a factor of 7220?
True
Is 126 a factor of 38808?
True
Does 10 divide 290?
True
Does 5 divide 38686?
False
Is 345 a multiple of 5?
True
Does 19 divide 273?
False
Does 13 divide 1655?
False
Is 22 a factor of 16808?
True
Does 6 divide 722?
False
Is 8 a factor of 271?
False
Is 46 a factor of 1840?
True
Is 8970 a multiple of 65?
True
Is 6110 a multiple of 94?
True
Is 1636 a multiple of 100?
False
Is 13 a factor of 15661?
False
Does 57 divide 1736?
False
Does 58 divide 1914?
True
Is 22 a factor of 14168?
True
Is 28 a factor of 128?
False
Does 22 divide 697?
False
Is 92 a multiple of 17?
False
Is 40 a factor of 182?
False
Is 41785 a multiple of 61?
True
Does 2 divide 196?
True
Does 21 divide 8505?
True
Is 87 a factor of 3828?
True
Does 12 divide 372?
True
Is 167 a multiple of 5?
False
Is 15 a factor of 2021?
False
Is 152 a factor of 4341?
False
Is 9 a factor of 4752?
True
Does 93 divide 744?
True
Is 35 a factor of 350?
True
Is 3478 a multiple of 31?
False
Does 7 divide 20560?
False
Does 99 divide 14411?
False
Is 13 a factor of 9009?
True
Is 143 a factor of 12069?
False
Is 11 a factor of 2191?
False
Is 2200 a multiple of 10?
True
Is 80 a multiple of 5?
True
Does 14 divide 1105?
False
Is 137 a factor of 17762?
False
Does 27 divide 820?
False
Does 52 divide 3588?
True
Does 11 divide 16436?
False
Is 136820 a multiple of 20?
True
Is 16 a factor of 1680?
True
Is 119 a factor of 29673?
False
Is 31 a factor of 713?
True
Does 6 divide 25350?
True
Is 20 a factor of 665?
False
Is 80 a factor of 823?
False
Is 12 a factor of 40824?
True
Is 14 a factor of 4322?
False
Is 2676 a multiple of 2?
True
Is 910 a multiple of 7?
True
Is 1020 a multiple of 34?
True
Is 10 a factor of 25665?
False
Does 12 divide 9912?
True
Is 535 a multiple of 5?
True
Does 27 divide 2199?
False
Does 103 divide 1752?
False
Is 61166 a multiple of 17?
True
Does 9 divide 3876?
False
Does 2 divide 69?
False
Does 28 divide 2889?
False
Is 56 a factor of 23238?
False
Does 6 divide 8586?
True
Is 189 a factor of 13797?
True
Is 6251 a multiple of 7?
True
Does 47 divide 54?
False
Does 27 divide 324?
True
Is 272 a multiple of 8?
True
Is 218 a multiple of 19?
False
Is 16 a factor of 672?
True
Does 115 divide 9200?
True
Does 86 divide 7718?
False
Is 19499 a multiple of 89?
False
Is 73 a factor of 2882?
False
Does 93 divide 10326?
False
Does 27 divide 22876?
False
Is 345 a multiple of 2?
False
Does 37 divide 5215?
False
Is 24 a factor of 35409?
False
Is 5 a factor of 50?
True
Does 19 divide 7294?
False
Does 54 divide 108?
True
Is 4580 a multiple of 18?
False
Is 23 a factor of 598?
True
Does 13 divide 1274?
True
Does 10 divide 2650?
True
Does 31 divide 35465?
False
Is 2570 a multiple of 10?
True
Is 556 a multiple of 58?
False
Does 20 divide 260?
True
Is 4604 a multiple of 98?
False
Is 148 a multiple of 41?
False
Is 38 even?
True
Is 11 a factor of 70?
False
Is 16038 a multiple of 33?
True
Is 819 a multiple of 39?
True
Does 10 divide 2670?
True
Is 14 a factor of 476?
True
Is 532 a multiple of 28?
True
Is 14 a factor of 133?
False
Is 13 a factor of 53755?
True
Is 27 a factor of 108?
True
Does 15 divide 1152?
False
Is 3 a factor of 296?
False
Is 543 a multiple of 17?
False
Is 22 a factor of 101?
False
Is 36502 a multiple of 14?
False
Is 8304 a multiple of 20?
False
Is 1863 a multiple of 2?
False
Does 12 divide 4584?
True
Is 3 a factor of 2601?
True
Does 77 divide 385?
True
Does 10 divide 117?
False
Is 6383 a multiple of 23?
False
Is 43 a factor of 23025?
False
Is 6 a factor of 612?
True
Is 58 a factor of 4999?
False
Is 20125 a multiple of 142?
False
Does 59 divide 1445?
False
Is 4 a factor of 7295?
False
Is 24 a factor of 9433?
False
Does 15 divide 1756?
False
Does 4 divide 4712?
True
Is 173 a factor of 23874?
True
Does 34 divide 7072?
True
Does 63 divide 1377?
False
Is 26123 a multiple of 173?
True
Does 5 divide 1670?
True
Does 7 divide 432?
False
Is 35 a factor of 40945?
False
Is 7365 a multiple of 15?
True
Does 7 divide 760?
False
Is 49 a factor of 1097?
False
Does 13 divide 87698?
True
Is 4816 a multiple of 18?
False
Is 4 a factor of 6909?
False
Does 24 divide 888?
True
Is 6119 a multiple of 63?
False
Is 13 a factor of 68773?
False
Does 22 divide 103581?
False
Is 2508 a multiple of 12?
True
Is 127 a factor of 12084?
False
Does 28 divide 4731?
False
Does 90 divide 12077?
False
Is 8 a factor of 4008?
True
Does 21 divide 2037?
True
Does 18 divide 198?
True
Is 292 a multiple of 4?
True
Is 60 a factor of 1500?
True
Is 21115 a multiple of 77?
False
Is 25 a factor of 425?
True
Does 32 divide 7532?
False
Is 34 a factor of 1666?
True
Is 156 a factor of 5148?
True
Does 44 divide 1076?
False
Is 22 a factor of 198?
True
Is 208 a multiple of 15?
False
Is 2013 a multiple of 33?
True
Is 7 a factor of 3598?
True
Does 10 divide 4280?
True
Does 26 divide 2652?
True
Is 295 a multiple of 4?
False
Is 13 a factor of 598?
True
Does 49 divide 587?
False
Is 4830 a multiple of 105?
True
Does 215 divide 33520?
False
Does 9 divide 585?
True
Is 34 a factor of 346?
False
Is 52 a factor of 2444?
True
Is 15 a factor of 5010?
True
Is 93 a factor of 1239?
False
Does 13 divide 741?
True
Does 7 divide 1589?
True
Is 60 a factor of 4080?
True
Does 21 divide 30684?
False
Is 26 a factor of 624?
True
Is 41 a factor of 861?
True
Is 39990 a multiple of 53?
False
Is 15 a factor of 3448?
False
Is 14 a factor of 897?
False
Does 13 divide 26?
True
Is 53433 a multiple of 30?
False
Is 3 a factor of 44633?
False
Does 3 divide 7576?
False
Does 225 divide 116666?
False
Is 4960 a multiple of 31?
True
Does 32 divide 7200?
True
Does 230 divide 8987?
False
Is 164 a multiple of 31?
False
Is 89 a factor of 797?
False
Does 29 divide 9907?
False
Does 10 divide 184?
False
Does 115 divide 6095?
True
Does 36 divide 42516?
True
Is 13502 a multiple of 49?
False
Is 638 a multiple of 58?
True
Is 64 a factor of 8640?
True
Is 34 a factor of 4930?
True
Does 66 divide 33898?
False
Is 6 a factor of 17250?
True
Does 11 divide 898?
False
Does 14 divide 5446?
True
Does 58 divide 11078?
True
Is 36 a factor of 3023?
False
Is 58 a factor of 1149?
False
Does 52 divide 5454?
False
Does 70 divide 27427?
False
Is 227 even?
False
Is 56 a factor of 7402?
False
Is 3 a factor of 1208?
False
Does 49 divide 11392?
False
Does 29 divide 36569?
True
Does 15 divide 1635?
True
Does 13 divide 57252?